{"id":2,"date":"2021-11-02T16:57:18","date_gmt":"2021-11-02T15:57:18","guid":{"rendered":"http:\/\/www.manekinekoparis.fr\/?page_id=2"},"modified":"2024-09-05T18:45:01","modified_gmt":"2024-09-05T16:45:01","slug":"qui","status":"publish","type":"page","link":"https:\/\/www.manekinekoparis.fr\/index.php\/qui\/","title":{"rendered":"Qui suis-je ?"},"content":{"rendered":"\n<p><\/p>\n\n\n\n<p><strong>A\u00efm\u00e9 Konuma<\/strong><\/p>\n\n\n\n<p>Franco-japonaise, je suis n\u00e9e au Japon et y ai v\u00e9cu jusqu\u2019\u00e0 mes 18 ans en suivant un cursus scolaire enti\u00e8rement japonais. Apr\u00e8s mes \u00e9tudes universitaires \u00e0 Paris IV Sorbonne j\u2019ai obtenu une ma\u00eetrise d\u2019ethnomusicologie portant sur la musique japonaise. J\u2019enseigne depuis des ann\u00e9es, parall\u00e8lement \u00e0 des activit\u00e9s artistiques ainsi que des traductions japonais-fran\u00e7ais, notamment des transcriptions pour des reportages de cha\u00eenes TV japonaises.<\/p>\n\n\n\n<p><br>Parfaitement bilingue, je vous propose des cours de japonais \u00e0 domicile adapt\u00e9s aux attentes de chaque \u00e9l\u00e8ve : apprentissage des kanji et de la grammaire, compr\u00e9hension orale, pr\u00e9paration \u00e0 l\u2019examen JLPT, pr\u00e9paration au baccalaur\u00e9at japonais LV3, d\u00e9couverte de la culture (musique, th\u00e9\u00e2tre, manga&#8230;) ainsi que des conseils culinaires sur les plats populaires typiquement japonais.<\/p>\n\n\n\n<p>Cours particuliers de japonais \u00e0 domicile \u2014 Paris et r\u00e9gion parisienne<\/p>\n\n\n\n<figure class=\"wp-block-image size-medium is-resized\"><img loading=\"lazy\" decoding=\"async\" width=\"300\" height=\"300\" src=\"https:\/\/www.manekinekoparis.fr\/wp-content\/uploads\/2021\/11\/Profil-300x300.jpg\" alt=\"\" class=\"wp-image-134\" style=\"width:247px;height:247px\" srcset=\"https:\/\/www.manekinekoparis.fr\/wp-content\/uploads\/2021\/11\/Profil-300x300.jpg 300w, https:\/\/www.manekinekoparis.fr\/wp-content\/uploads\/2021\/11\/Profil-1024x1024.jpg 1024w, https:\/\/www.manekinekoparis.fr\/wp-content\/uploads\/2021\/11\/Profil-150x150.jpg 150w, https:\/\/www.manekinekoparis.fr\/wp-content\/uploads\/2021\/11\/Profil-768x768.jpg 768w, https:\/\/www.manekinekoparis.fr\/wp-content\/uploads\/2021\/11\/Profil-1536x1536.jpg 1536w, https:\/\/www.manekinekoparis.fr\/wp-content\/uploads\/2021\/11\/Profil-2048x2048.jpg 2048w, https:\/\/www.manekinekoparis.fr\/wp-content\/uploads\/2021\/11\/Profil-100x100.jpg 100w\" sizes=\"(max-width: 300px) 100vw, 300px\" \/><\/figure>\n","protected":false},"excerpt":{"rendered":"<p>A\u00efm\u00e9 Konuma Franco-japonaise, je suis n\u00e9e au Japon et y ai v\u00e9cu jusqu\u2019\u00e0 mes 18 ans en suivant un cursus scolaire enti\u00e8rement japonais. Apr\u00e8s mes \u00e9tudes universitaires \u00e0 Paris IV Sorbonne j\u2019ai obtenu une ma\u00eetrise d\u2019ethnomusicologie portant sur la musique japonaise. J\u2019enseigne depuis des ann\u00e9es, parall\u00e8lement \u00e0 des activit\u00e9s artistiques ainsi que des traductions japonais-fran\u00e7ais, &hellip; <\/p>\n<p class=\"link-more\"><a href=\"https:\/\/www.manekinekoparis.fr\/index.php\/qui\/\" class=\"more-link\">Continue reading<span class=\"screen-reader-text\"> &#8220;Qui suis-je ?&#8221;<\/span><\/a><\/p>\n","protected":false},"author":1,"featured_media":0,"parent":0,"menu_order":0,"comment_status":"closed","ping_status":"open","template":"","meta":{"footnotes":""},"class_list":["post-2","page","type-page","status-publish","hentry"],"_links":{"self":[{"href":"https:\/\/www.manekinekoparis.fr\/index.php\/wp-json\/wp\/v2\/pages\/2"}],"collection":[{"href":"https:\/\/www.manekinekoparis.fr\/index.php\/wp-json\/wp\/v2\/pages"}],"about":[{"href":"https:\/\/www.manekinekoparis.fr\/index.php\/wp-json\/wp\/v2\/types\/page"}],"author":[{"embeddable":true,"href":"https:\/\/www.manekinekoparis.fr\/index.php\/wp-json\/wp\/v2\/users\/1"}],"replies":[{"embeddable":true,"href":"https:\/\/www.manekinekoparis.fr\/index.php\/wp-json\/wp\/v2\/comments?post=2"}],"version-history":[{"count":8,"href":"https:\/\/www.manekinekoparis.fr\/index.php\/wp-json\/wp\/v2\/pages\/2\/revisions"}],"predecessor-version":[{"id":169,"href":"https:\/\/www.manekinekoparis.fr\/index.php\/wp-json\/wp\/v2\/pages\/2\/revisions\/169"}],"wp:attachment":[{"href":"https:\/\/www.manekinekoparis.fr\/index.php\/wp-json\/wp\/v2\/media?parent=2"}],"curies":[{"name":"wp","href":"https:\/\/api.w.org\/{rel}","templated":true}]}}

<p></p>



<p><strong>Aïmé Konuma</strong></p>



<p>Franco-japonaise, je suis née au Japon et y ai vécu jusqu’à mes 18 ans en suivant un cursus scolaire entièrement japonais. Après mes études universitaires à Paris IV Sorbonne j’ai obtenu une maîtrise d’ethnomusicologie portant sur la musique japonaise. J’enseigne depuis des années, parallèlement à des activités artistiques ainsi que des traductions japonais-français, notamment des transcriptions pour des reportages de chaînes TV japonaises.</p>



<p><br>Parfaitement bilingue, je vous propose des cours de japonais à domicile adaptés aux attentes de chaque élève : apprentissage des kanji et de la grammaire, compréhension orale, préparation à l’examen JLPT, préparation au baccalauréat japonais LV3, découverte de la culture (musique, théâtre, manga&#8230;) ainsi que des conseils culinaires sur les plats populaires typiquement japonais.</p>



<p>Cours particuliers de japonais à domicile — Paris et région parisienne</p>



<figure class="wp-block-image size-medium is-resized"><img loading="lazy" decoding="async" width="300" height="300" src="https://www.manekinekoparis.fr/wp-content/uploads/2021/11/Profil-300x300.jpg" alt="" class="wp-image-134" style="width:247px;height:247px" srcset="https://www.manekinekoparis.fr/wp-content/uploads/2021/11/Profil-300x300.jpg 300w, https://www.manekinekoparis.fr/wp-content/uploads/2021/11/Profil-1024x1024.jpg 1024w, https://www.manekinekoparis.fr/wp-content/uploads/2021/11/Profil-150x150.jpg 150w, https://www.manekinekoparis.fr/wp-content/uploads/2021/11/Profil-768x768.jpg 768w, https://www.manekinekoparis.fr/wp-content/uploads/2021/11/Profil-1536x1536.jpg 1536w, https://www.manekinekoparis.fr/wp-content/uploads/2021/11/Profil-2048x2048.jpg 2048w, https://www.manekinekoparis.fr/wp-content/uploads/2021/11/Profil-100x100.jpg 100w" sizes="(max-width: 300px) 100vw, 300px" /></figure>

<p>Aïmé Konuma Franco-japonaise, je suis née au Japon et y ai vécu jusqu’à mes 18 ans en suivant un cursus scolaire entièrement japonais. Après mes études universitaires à Paris IV Sorbonne j’ai obtenu une maîtrise d’ethnomusicologie portant sur la musique japonaise. J’enseigne depuis des années, parallèlement à des activités artistiques ainsi que des traductions japonais-français, &hellip; </p>
<p class="link-more"><a href="https://www.manekinekoparis.fr/index.php/qui/" class="more-link">Continue reading<span class="screen-reader-text"> &#8220;Qui suis-je ?&#8221;</span></a></p>
