{"id":55,"date":"2021-11-04T17:19:54","date_gmt":"2021-11-04T16:19:54","guid":{"rendered":"http:\/\/www.manekinekoparis.fr\/?page_id=55"},"modified":"2024-09-05T18:44:19","modified_gmt":"2024-09-05T16:44:19","slug":"accueil","status":"publish","type":"page","link":"https:\/\/www.manekinekoparis.fr\/","title":{"rendered":"Accueil"},"content":{"rendered":"\n<p>Apprenez le japonais avec une enseignante parfaitement bilingue, native du Japon. Les cours sont adapt\u00e9s aux attentes de chaque \u00e9l\u00e8ve. Choisissez vous-m\u00eames parmi les nombreux th\u00e8mes propos\u00e9s. Possibilit\u00e9 de pr\u00e9paration \u00e0 l&#8217;examen JLPT ainsi qu&#8217;au baccalaur\u00e9at japonais LV3.<\/p>\n\n\n\n<p>Cours particuliers de japonais \u00e0 domicile \u2014 Paris et r\u00e9gion parisienne<\/p>\n","protected":false},"excerpt":{"rendered":"<p>Apprenez le japonais avec une enseignante parfaitement bilingue, native du Japon. Les cours sont adapt\u00e9s aux attentes de chaque \u00e9l\u00e8ve. Choisissez vous-m\u00eames parmi les nombreux th\u00e8mes propos\u00e9s. Possibilit\u00e9 de pr\u00e9paration \u00e0 l&#8217;examen JLPT ainsi qu&#8217;au baccalaur\u00e9at japonais LV3. Cours particuliers de japonais \u00e0 domicile \u2014 Paris et r\u00e9gion parisienne<\/p>\n","protected":false},"author":1,"featured_media":0,"parent":0,"menu_order":0,"comment_status":"closed","ping_status":"closed","template":"","meta":{"footnotes":""},"class_list":["post-55","page","type-page","status-publish","hentry"],"_links":{"self":[{"href":"https:\/\/www.manekinekoparis.fr\/index.php\/wp-json\/wp\/v2\/pages\/55"}],"collection":[{"href":"https:\/\/www.manekinekoparis.fr\/index.php\/wp-json\/wp\/v2\/pages"}],"about":[{"href":"https:\/\/www.manekinekoparis.fr\/index.php\/wp-json\/wp\/v2\/types\/page"}],"author":[{"embeddable":true,"href":"https:\/\/www.manekinekoparis.fr\/index.php\/wp-json\/wp\/v2\/users\/1"}],"replies":[{"embeddable":true,"href":"https:\/\/www.manekinekoparis.fr\/index.php\/wp-json\/wp\/v2\/comments?post=55"}],"version-history":[{"count":4,"href":"https:\/\/www.manekinekoparis.fr\/index.php\/wp-json\/wp\/v2\/pages\/55\/revisions"}],"predecessor-version":[{"id":168,"href":"https:\/\/www.manekinekoparis.fr\/index.php\/wp-json\/wp\/v2\/pages\/55\/revisions\/168"}],"wp:attachment":[{"href":"https:\/\/www.manekinekoparis.fr\/index.php\/wp-json\/wp\/v2\/media?parent=55"}],"curies":[{"name":"wp","href":"https:\/\/api.w.org\/{rel}","templated":true}]}}