{"id":56,"date":"2021-11-04T17:19:54","date_gmt":"2021-11-04T16:19:54","guid":{"rendered":"http:\/\/www.manekinekoparis.fr\/?page_id=56"},"modified":"2021-11-12T13:58:32","modified_gmt":"2021-11-12T12:58:32","slug":"themes","status":"publish","type":"page","link":"https:\/\/www.manekinekoparis.fr\/index.php\/themes\/","title":{"rendered":"Th\u00e8mes"},"content":{"rendered":"\n<p>En compl\u00e9ment \u00e0 l\u2019apprentissage de base (lecture, \u00e9criture, grammaire et oral), chaque \u00e9l\u00e8ve choisira parmi les th\u00e8mes propos\u00e9s celui (ou ceux) qu\u2019il souhaite \u00e9tudier.<\/p>\n\n\n\n<p>Th\u00e8mes propos\u00e9s :<\/p>\n\n\n\n<ul class=\"wp-block-list\"><li>Cuisine (possibilit\u00e9 de faire un atelier d\u00e9couverte autour d\u2019un plat sal\u00e9 ou sucr\u00e9 selon votre d\u00e9sir!)<\/li><li>Manga<\/li><li>Th\u00e9\u00e2tre n\u014d<\/li><li>Th\u00e9\u00e2tre bunraku<\/li><li>Rakugo<\/li><li>Religions japonaises<\/li><li>Musiques traditionnelles japonaises<\/li><li>Contes japonais<\/li><li>F\u00eates des saisons <em>(setsubun, tanabata, sh\u014dgatsu&#8230;) <\/em><\/li><li>Famille imp\u00e9riale<\/li><li>Voyage<\/li><li>Feng shui<\/li><li>Mythologie japonaise<\/li><li>Les tremblements de terre<\/li><li>&#8230;<\/li><\/ul>\n\n\n\n<p>Si vous avez des demandes ou propositions sur un th\u00e8me de pr\u00e9dilection, n\u2019h\u00e9sitez pas \u00e0 m\u2019en parler !<\/p>\n\n\n\n<p><\/p>\n","protected":false},"excerpt":{"rendered":"<p>En compl\u00e9ment \u00e0 l\u2019apprentissage de base (lecture, \u00e9criture, grammaire et oral), chaque \u00e9l\u00e8ve choisira parmi les th\u00e8mes propos\u00e9s celui (ou ceux) qu\u2019il souhaite \u00e9tudier. Th\u00e8mes propos\u00e9s : Cuisine (possibilit\u00e9 de faire un atelier d\u00e9couverte autour d\u2019un plat sal\u00e9 ou sucr\u00e9 selon votre d\u00e9sir!) Manga Th\u00e9\u00e2tre n\u014d Th\u00e9\u00e2tre bunraku Rakugo Religions japonaises Musiques traditionnelles japonaises Contes &hellip; <\/p>\n<p class=\"link-more\"><a href=\"https:\/\/www.manekinekoparis.fr\/index.php\/themes\/\" class=\"more-link\">Continue reading<span class=\"screen-reader-text\"> &#8220;Th\u00e8mes&#8221;<\/span><\/a><\/p>\n","protected":false},"author":1,"featured_media":128,"parent":0,"menu_order":0,"comment_status":"closed","ping_status":"closed","template":"","meta":{"footnotes":""},"class_list":["post-56","page","type-page","status-publish","has-post-thumbnail","hentry"],"_links":{"self":[{"href":"https:\/\/www.manekinekoparis.fr\/index.php\/wp-json\/wp\/v2\/pages\/56"}],"collection":[{"href":"https:\/\/www.manekinekoparis.fr\/index.php\/wp-json\/wp\/v2\/pages"}],"about":[{"href":"https:\/\/www.manekinekoparis.fr\/index.php\/wp-json\/wp\/v2\/types\/page"}],"author":[{"embeddable":true,"href":"https:\/\/www.manekinekoparis.fr\/index.php\/wp-json\/wp\/v2\/users\/1"}],"replies":[{"embeddable":true,"href":"https:\/\/www.manekinekoparis.fr\/index.php\/wp-json\/wp\/v2\/comments?post=56"}],"version-history":[{"count":5,"href":"https:\/\/www.manekinekoparis.fr\/index.php\/wp-json\/wp\/v2\/pages\/56\/revisions"}],"predecessor-version":[{"id":116,"href":"https:\/\/www.manekinekoparis.fr\/index.php\/wp-json\/wp\/v2\/pages\/56\/revisions\/116"}],"wp:featuredmedia":[{"embeddable":true,"href":"https:\/\/www.manekinekoparis.fr\/index.php\/wp-json\/wp\/v2\/media\/128"}],"wp:attachment":[{"href":"https:\/\/www.manekinekoparis.fr\/index.php\/wp-json\/wp\/v2\/media?parent=56"}],"curies":[{"name":"wp","href":"https:\/\/api.w.org\/{rel}","templated":true}]}}